 + 2*y(d). What is the remainder when 111 is divided by o(7)?
35
Let s be (-1)/(((-6)/(-3))/(-6)). Let z(r) = 5*r**2 - 40 - 4*r + 39 + 3*r + 5*r - r**3. Calculate the remainder when 114 is divided by z(s).
27
Suppose -1869 = -15*f - 9. What is the remainder when f is divided by 34?
22
Suppose 4*q - 536 = -2*w - 2*w, 3*w - 5*q - 370 = 0. Suppose -2*m - m - 4*d = -w, -m + 56 = -5*d. Calculate the remainder when m is divided by 24.
22
Suppose -14*u = -13075 + 741. What is the remainder when u is divided by 68?
65
Let h = -20 + 12. Suppose x - 3 = 8. Calculate the remainder when 28*(0 + (-12)/h) is divided by x.
9
Let n(a) = a**2 - 9*a + 37. Calculate the remainder when 171 is divided by n(11).
53
Suppose -s + 3*s = 14. Suppose 3*f - 8 - 1 = 0. Suppose s = 2*x + a - 2, -f*x + 16 = 4*a. What is the remainder when x is divided by 3?
1
Let k(t) = 3*t + 4. Calculate the remainder when (13896/204 - 33) + (-4)/34 is divided by k(5).
16
Suppose 879 = -32*j + 35*j. Calculate the remainder when j is divided by 42.
41
Let j(k) = k**3 + 9*k**2 + 12*k + 10. Calculate the remainder when 179 is divided by j(-6).
41
Suppose -7*q + 10*q = -3*c + 63, 2*q = c - 33. What is the remainder when 45 is divided by c?
20
Let g(w) = w**2 - 2*w + 19. What is the remainder when g(-12) is divided by 10?
7
Let w(n) = -9*n**2 + 4 + 7*n**2 + 19*n + 7*n**2. Let g = 35 + 3. Calculate the remainder when g is divided by w(-4).
6
Let j(y) = 8*y**2 + 331*y - 39. Calculate the remainder when j(-42) is divided by 38.
19
Suppose -3*t - 2*f + 17 = -0*f, t + 4*f + 1 = 0. Suppose 46 = -8*a + 10*a - j, -5*j + 130 = 5*a. Calculate the remainder when a is divided by t.
3
Let p be (4 - 0) + -8 - -22. Let f = p - 0. Calculate the remainder when 31 is divided by f.
13
Let u(y) = y**2 - 37*y + 333. What is the remainder when 77 is divided by u(25)?
11
Suppose 0*o - 18 = -3*o. Let a(m) = 29*m - 196. What is the remainder when a(7) is divided by o?
1
Let w = -64 + 20. Let b be ((-17)/(765/(-198)))/(1/15). Let t = b + w. What is the remainder when t is divided by 6?
4
Let s = 1641 + -1210. Calculate the remainder when s is divided by 32.
15
Let n be 174/10 - 12/30. Suppose n = c - 71. Let p = -187 + 217. Calculate the remainder when c is divided by p.
28
Let f = -38 + 69. Suppose -f = -14*j + 13*j. Calculate the remainder when j is divided by 19.
12
Let y = 338 + -233. Suppose -6*b + 136 + 26 = 0. What is the remainder when y is divided by b?
24
Let d = 33 + -34. Let x = d + 50. What is the remainder when x is divided by 25?
24
Suppose -23 = 2*t - 71. Let s = 0 - -4. What is the remainder when 834/9 - s/6 is divided by t?
20
Calculate the remainder when (18/3 - -6) + -2 is divided by 2.
0
Suppose 3*r + 54 = 2*v, -v + 3*r = -12 - 15. Calculate the remainder when 160 is divided by v.
25
Let k be (2 - (-12)/(-9))*-66. Let x = -29 - k. What is the remainder when 87 is divided by x/(1*3/3)?
12
Let l(j) = 2*j**3 - 4*j**2 - 3*j + 6. Calculate the remainder when l(5) is divided by 24.
21
Suppose 3*h - p - 17 = 0, -2*h + 135 - 137 = -4*p. Suppose 7*z - 40 = 3*z. Suppose -3 = -o + z. Calculate the remainder when o is divided by h.
6
Let g = -68 - -74. Suppose y - g*y = 2*m - 133, -2*m + 33 = y. Calculate the remainder when 121 is divided by y.
21
Let d(n) = n**3 - 3*n**2 + 5*n - 2. Let j be 2 - (-20)/15 - 1/3. Calculate the remainder when d(j) is divided by 8.
5
Suppose -3*t = -14*i + 9*i + 1409, 5*i + t - 1417 = 0. What is the remainder when i is divided by 57?
55
Let g(y) = -y**2 + 14*y - 3. Let s(x) = x**3 + 4*x**2. Let o be s(-4). Suppose -2*u + 29 + 9 = o. Calculate the remainder when g(10) is divided by u.
18
Let g be 1/(((-7)/25)/(-7)). Suppose -o + 87 = 5*k, -15 - g = -2*k - 3*o. What is the remainder when 79 is divided by k?
11
Suppose 29*x = 34*x - 260. What is the remainder when x is divided by 27?
25
Calculate the remainder when 65 is divided by 30/75 - (-441)/35.
0
Suppose -5*k + 5*s = -25 - 95, 5*s = -4*k + 78. Suppose 9*b - b = 312. Calculate the remainder when b is divided by k.
17
Suppose -3*b + 2*d + 162 = 0, 2*d - 286 = -0*b - 5*b. What is the remainder when b is divided by 8?
0
Let m = 221 - 203. Calculate the remainder when 83 is divided by m.
11
Let h be ((-471)/(-2))/(15/(-20)). Let z = -209 - h. What is the remainder when 0 - 1/((-3)/z) is divided by 12?
11
Let c = 10 + -1. Suppose 7*a = c*a - 256. What is the remainder when a is divided by 26?
24
Let w(q) = -q**3 + 16*q**2 + 15*q - 12. Let n be w(9). Suppose -19*g = -16*g - n. Calculate the remainder when g is divided by 21.
20
Suppose 402*p = -22649 + 70085. Suppose -17 = -4*r + 43. Calculate the remainder when p is divided by r.
13
Let u(a) = -2*a**3 - 8*a**2 - 13*a - 4. Calculate the remainder when u(-5) is divided by 23.
19
Let r(c) = 134*c**2 - 8*c + 9. Calculate the remainder when r(1) is divided by 46.
43
Let a = 583 - 525. Calculate the remainder when 172 is divided by a.
56
Let g(h) = 2*h**2 - 2*h + 2. Let j(r) = -r + 0*r - 6*r - 3 + r. What is the remainder when j(-4) is divided by g(2)?
3
Let d(l) = l**3 + 9*l**2 - 10*l + 7. Suppose 5*z + 14 = -2*p, -3*p - 15 = -z + 40. Let n = p + 7. Calculate the remainder when 20 is divided by d(n).
6
Suppose 0 = -4*j + 5*q + 37 + 2, 5*q = 25. What is the remainder when 76 is divided by j?
12
Let a(m) = 23*m - 2. Let k be a(4). Suppose 6*j = j + k. Calculate the remainder when j is divided by (-40)/(-18)*54/12.
8
Suppose -3507 + 527 = -10*k. What is the remainder when 901 is divided by k?
7
What is the remainder when (-194)/8*-4 + 5 is divided by 2?
0
Suppose -11*p = -5*p - 840. What is the remainder when p is divided by 29?
24
What is the remainder when 74 is divided by (-1 - -1) + 6/9*24?
10
Suppose 8*h = 3*h + 685. Let k = h + -13. Calculate the remainder when k is divided by 42.
40
Let j = -920 + 1035. Calculate the remainder when j is divided by ((-2)/(-2))/(-1) + 30.
28
Let h(m) = 4*m**2 + 2*m - 10. What is the remainder when h(7) is divided by 12?
8
Suppose -9*g + 5*g = f - 67, 2*f + 46 = 2*g. Calculate the remainder when 377 is divided by g.
17
Let c(q) = -q**3 - 5*q**2 - q + 24. Calculate the remainder when 29 is divided by c(-5).
0
Suppose -4*j + 4*y = -216, -5*j + 10*j = -4*y + 306. Calculate the remainder when j is divided by 18.
4
Suppose 2*m - 8 + 0 = 2*j, -3*m + 22 = 2*j. Let f = 474 + -455. What is the remainder when f is divided by m?
1
Let a(d) be the first derivative of 3*d**2 + 4*d - 8. Calculate the remainder when a(5) is divided by 12.
10
Let k(d) = -d + 11. Let a be k(7). Suppose a*s = 3*c - 22 - 291, 4*s + 115 = c. Calculate the remainder when c is divided by 25.
24
Suppose 5*z - 180 = -3*c, -4*c + 149 + 3 = 4*z. Calculate the remainder when 114 is divided by z + 1*(-1)/(2/8).
27
Let a(t) = -t**2 - 3*t. Let d be -2*(-5)/15*-3. What is the remainder when 7 is divided by a(d)?
1
Suppose -4*y + 8 = -4. Suppose 1 + 20 = 3*n. What is the remainder when n is divided by 6 - (1 + (y - 3))?
2
Let q(r) = r**3 - 17*r**2 + 50*r + 4. What is the remainder when q(14) is divided by 8?
4
Suppose -r = 4*s - 1 + 5, 0 = -4*r - 2*s + 12. Suppose 0 = -0*f - 5*f + 55. What is the remainder when f is divided by r?
3
Suppose 6*u - 10*u = -44. Calculate the remainder when 923 is divided by u.
10
Suppose 0 = 256*x - 251*x - 6360. Calculate the remainder when x is divided by 91.
89
Calculate the remainder when ((-36)/8)/9 + 223/2 is divided by 40.
31
Let d = 34 - 31. Suppose 0 = d*y - 7*y - 5*r + 43, -3*y = -r - 56. Calculate the remainder when y is divided by 9.
8
Let g(n) = -n**2 - 19*n - 31. What is the remainder when g(-14) is divided by 28?
11
Suppose -3*o + 1 = h, 2*o = h + h + 6. Let n(v) = -10*v - 5. What is the remainder when 57 is divided by n(h)?
12
Let b(w) = 2*w**3 - 76*w**2 - 77*w - 21. Let i = 116 + -33. Calculate the remainder when i is divided by b(39).
11
Let s(o) = o**2 + 10*o + 18. Let n be s(-3). Calculate the remainder when 51 + -8 + (2 + -2)/n is divided by 11.
10
Let m be 392/24 + 2/(-6). Calculate the remainder when 74 is divided by 2/m - 1479/(-136).
8
Suppose 70*o = 74*o - 68. What is the remainder when 134 is divided by o?
15
Let n(i) be the first derivative of i**2/2 + 22*i - 1. What is the remainder when 69 is divided by n(-3)?
12
Let c = 18 - -12. What is 